?
-18
Let l(p) = 42*p - 121. Determine l(3).
5
Let j(v) = -v**2 - 6*v - 9. Give j(-5).
-4
Let t(b) = 23*b + 65. Calculate t(-5).
-50
Let z(i) = 25*i - 1817. What is z(73)?
8
Let k(n) = 8*n + 2. What is k(2)?
18
Let q(z) = z**3 + 6*z**2 - 2*z + 1. What is q(-6)?
13
Let x(t) = 2*t - 8. Determine x(12).
16
Let z(t) = 3*t + 42. Determine z(-16).
-6
Let j(i) = 211*i - 203. Calculate j(1).
8
Let y(n) = -5*n + 100. Calculate y(20).
0
Let u(y) = -4*y**3 - 2*y**2 + 3*y - 1. Calculate u(1).
-4
Let u(x) = 2*x**3 + x**2 - 4*x + 4. Calculate u(2).
16
Let k(l) = -7*l - 65. Calculate k(-12).
19
Let t(v) = 2*v**3 - 10*v + 6. Determine t(-3).
-18
Let l(w) = -w**2 - w. Give l(0).
0
Let p(w) = 2*w + 9. Determine p(-6).
-3
Let a(u) = -u**3 - 21*u**2 - 70*u - 6. Give a(-4).
2
Let j(h) = h**2 + 7*h + 45. Give j(-7).
45
Let w(r) = -11*r - 1. Determine w(1).
-12
Let k(s) = -45*s + 527. Give k(12).
-13
Let k(f) = -f**2 - 11*f - 11. Give k(-10).
-1
Let a(o) = -33*o. What is a(0)?
0
Let i(x) = x + 22. What is i(-16)?
6
Let u(y) = 4*y + 6. Give u(1).
10
Let h(u) = 21*u - 73. Give h(4).
11
Let v(o) = -o + 15. What is v(7)?
8
Let a(m) = m**3 - 27*m**2 - 29*m + 6. What is a(28)?
-22
Let o(q) = -q**2 + 9*q + 14. What is o(9)?
14
Let r(q) = q**3 + 10*q**2 + 4*q + 21. What is r(-9)?
66
Let g(x) = -x**2 + 33*x - 118. Calculate g(30).
-28
Let i(b) = -b**3 + 9*b**2 - 6*b - 24. Calculate i(8).
-8
Let k(s) = -41*s**2 + 2*s. Determine k(1).
-39
Let n(o) = -o**3 + o - 4. Calculate n(-3).
20
Let d(g) = g**3 - g**2 + g - 9. Give d(2).
-3
Let a(i) = i**3 - i**2 - 2*i - 26. Give a(0).
-26
Let z(m) = -8*m - 167. Give z(-21).
1
Let n(p) = -14*p - 131. What is n(-9)?
-5
Let x(p) = 3*p**3 - 9*p**2 - 5*p + 2. Determine x(-1).
-5
Let v(s) = -2*s - 11. Determine v(-8).
5
Let t(w) = 18*w - 3. Give t(1).
15
Let o(z) = 16*z + 210. Give o(-13).
2
Let b(z) = -z**2 - 12*z - 35. Determine b(-10).
-15
Let t(y) = -y**2 + 9*y - 18. What is t(9)?
-18
Let q(o) = o**3 - 10*o**2 - o + 13. Determine q(10).
3
Let q(z) = -31*z + 34. Give q(4).
-90
Let c(g) = -g**2 + 17*g - 16. Determine c(15).
14
Let c(u) = u**2 - 15. Determine c(0).
-15
Let f(s) = s**2 - 6*s - 4. Determine f(6).
-4
Let a(l) = -2*l - 3. Give a(7).
-17
Let n(x) = 2*x**2 - 89*x - 46. Determine n(44).
-90
Let x(b) = -b**3 - 7*b**2 - 4*b + 8. What is x(-6)?
-4
Let i(u) = 37*u - 59. Give i(2).
15
Let m(y) = -6*y**2 + 1. Determine m(1).
-5
Let y(i) = i**2 + 13*i + 9. Give y(-11).
-13
Let c(j) = -10*j**3 - 3*j**2 - j - 2. Determine c(-1).
6
Let f(q) = -5*q - 13. What is f(0)?
-13
Let o(k) = -k**2 - 22*k + 144. What is o(-27)?
9
Let y(b) = 4*b + 11. What is y(-5)?
-9
Let t(v) = -v**3 - 8*v**2 + 33*v - 28. What is t(-11)?
-28
Let v(y) = -y**2 + 5*y + 2. What is v(10)?
-48
Let v(a) = -a**3 + a**2 + 12*a - 10. Give v(4).
-10
Let j(r) = 6*r + 136. Determine j(-21).
10
Let k(b) = b**3 + 11*b**2 + 14*b - 20. Give k(-9).
16
Let r(n) = -56*n - 1505. What is r(-27)?
7
Let n(p) = -2*p**2 + 8*p - 8. Calculate n(3).
-2
Let p(k) = k + 19. What is p(0)?
19
Let l(o) = 8*o**2 + 10*o + 26. Calculate l(-4).
114
Let l(b) = -3*b + 3. What is l(-2)?
9
Let y(l) = -l**3 - 6*l**2 - 3*l + 16. Give y(-6).
34
Let k(o) = -3*o + 61. Give k(29).
-26
Let x(r) = -r - 26. What is x(-7)?
-19
Let g(o) = -o**3 + 6*o**2 - 2*o + 13. What is g(6)?
1
Let q(t) = -2*t**3 + 111*t**2 + 172*t - 53. Calculate q(57).
4
Let q(k) = -k**2 - 15*k - 47. Give q(-9).
7
Let f(q) = 3*q - 11. Calculate f(9).
16
Let h(v) = 9*v + 6. What is h(0)?
6
Let k(n) = 44*n + 423. Calculate k(-10).
-17
Let h(u) = -4*u**2 + 6*u - 6. Calculate h(1).
-4
Let a(s) = 3*s**2 - 17*s - 27. What is a(8)?
29
Let y(v) = -4*v**2 - 15*v - 22. Calculate y(-5).
-47
Let f(i) = i**3 + i**2 - 2*i - 1. Determine f(3).
29
Let u(d) = -d**2 + 9*d + 4. What is u(9)?
4
Let f(v) = -v**2 - 16*v + 21. What is f(-20)?
-59
Let r(u) = 3*u - 65. What is r(20)?
-5
Let z(d) = 5*d - 3. What is z(-4)?
-23
Let s(f) = f**3 - 8*f**2 - 11*f + 12. What is s(9)?
-6
Let n(b) = -5*b + 32. What is n(7)?
-3
Let d(w) = 2*w**3 - 59*w**2 - 26*w - 52. Give d(30).
68
Let p(x) = -3*x**3 + 2*x**2 - 4*x + 3. Calculate p(1).
-2
Let i(c) = c**2 + 4*c - 4. Give i(2).
8
Let t(r) = r**2 - 16*r + 11. Calculate t(15).
-4
Let a(q) = 6*q + 3. What is a(-2)?
-9
Let p(y) = -y**3 - 7*y**2 - 7*y - 58. Determine p(-7).
-9
Let y(z) = 117*z - 240. Calculate y(2).
-6
Let y(i) = -i**2 + 15*i + 28. What is y(17)?
-6
Let b(s) = -s**3 - 10*s**2 - s + 6. Calculate b(-10).
16
Let w(q) = q**3 + 11*q**2 - 12*q + 13. Calculate w(-12).
13
Let y(s) = -s**3 - 23*s**2 - 42*s - 40. What is y(-21)?
-40
Let f(v) = 4*v**2 - 2*v + 3. Give f(2).
15
Let w(i) = 2*i**2 - 42*i + 45. Calculate w(20).
5
Let w(h) = 8*h - 32. What is w(3)?
-8
Let s(x) = -3*x**2 - 10*x - 5. Calculate s(-2).
3
Let o(c) = c**3 + 3*c**2 + 25*c + 79. What is o(-3)?
4
Let t(g) = 2*g + 37. Calculate t(-23).
-9
Let x(u) = u**3 - 14*u**2 + u - 5. What is x(14)?
9
Let o(n) = -n**2 - 59*n - 454. Determine o(-50).
-4
Let w(g) = -20*g + 56. Give w(7).
-84
Let z(b) = -2*b - 41. What is z(-26)?
11
Let w(o) = -o**2 + 98*o + 514. What is w(-5)?
-1
Let z(c) = c**2 + 13*c + 15. What is z(-11)?
-7
Let v(d) = -9*d + 155. Give v(15).
20
Let j(r) = -r**2 - 9*r - 14. Calculate j(-7).
0
Let l(m) = m**3 + 21*m**2 - 26*m - 6. Calculate l(-22).
82
Let h(k) = -k - 9. Give h(19).
-28
Let l(d) = 3*d + 107. Give l(-23).
38
Let y(w) = w**3 - 13*w**2 - 15*w + 23. What is y(14)?
9
Let l(b) = b**3 - 8*b**2 - 6*b + 8. Determine l(8).
-40
Let t(x) = -3*x + 16. Give t(13).
-23
Let s(d) = -3*d + 23. Calculate s(8).
-1
Let l(g) = g**3 - 23*g**2 - 26*g + 24. Calculate l(24).
-24
Let u(n) = n + 4. Calculate u(6).
10
Let y(t) = 2*t - 29. What is y(14)?
-1
Let b(y) = -y**2 + 2*y + 3. Determine b(4).
-5
Let z(a) = -3*a + 46. Determine z(13).
7
Let q(f) = -f**3 + 4*f**2 + 21*f - 2. Determine q(7).
-2
Let i(d) = -2*d**2 - 2*d - 5. Give i(-4).
-29
Let d(z) = z**3 - 7*z**2 + 2*z + 25. Give d(6).
1
Let s(t) = 4*t + 59. Give s(-32).
-69
Let l(o) = -o + 40. Give l(-16).
56
Let x(r) = -2*r**2 + 52*r + 121. Calculate x(28).
9
Let o(n) = n**2 - 19*n - 41. Give o(21).
1
Let d(x) = -61*x + 550. Determine d(9).
1
Let c(h) = -7*h**3 + 29*h**2 - 5*h. Give c(4).
-4
Let i(z) = -17*z + 2. Determine i(-1).
19
Let c(u) = -u - 6. What is c(-11)?
5
Let h(l) = 3*l**2 + 5*l. Give h(-2).
2
Let w(z) = z**3 - 4*z**2 - z + 2. Give w(3).
-10
Let j(v) = -10*v**2 - v + 1. Determine j(1).
-10
Let g(w) = -2*w**2 - 24*w - 34. Determine g(-10).
6
Let a(u) = -u**2 + 16*u - 23. What is a(15)?
-8
Let o(w) = -2*w + 6. Give o(-8).
22
Let r(h) = 17*h - 144. Determine r(8).
-8
Let p(i) = 2*i**2 + 5*i + 6. Calculate p(-2).
4
Let w(s) = s**3 + 25*s**2 + 2*s + 59. Determine w(-25).
9
Let o(q) = -q**2 - 12*q + 11. Calculate o(-10).
31
Let s(j) = j**2 - 4*j + 7. What is s(5)?
12
Let i(a) = -a**2 + 3*a + 52. Give i(-6).
-2
Let f(t) = 41*t - 1597. What is f(39)?
2
Let r(k) = k + 23. What is r(-18)?
5
Let c(b) = b**2 + 2*b + 1. Give c(-1).
0
Let a(m) = -m**2 - 8*m - 12. Calculate a(-4).
4
Let a(r) = r - 1. What is a(-11)?
-12
Let j(o) = o**3 + 7*o**2 + 2*o + 17. Give j(-7).
3
Let l(u) = -u**3 + 53*u**2 - 2. What is l(53)?
-2
Let y(b) = -b**3 + 5*b**2 - 6. Give y(5).
-6
Let q(s) = s**3 - 4*s**2 + 7*s. Give q(2).
6
Let r(b) = b**2 - 11*b + 33. What is r(7)?
5
Let o(t) = t**3 - 2*t**2 - 2*t + 2. Give o(3).
5
Let z(g) = -4*g + 21. Calculate z(11).
-23
Let m(r) = r**3 - 3*r**2 - 8*r + 6. Give m(5).
16
Let z(v) = -v**2 - 21*v - 15. Calculate z(-20).
5
Let f(x) = 8*x - 3. Determine f(2).
13
Let a(v) = -13*v + 301. Determine a(23).
2
Let c(k) = -7*k - 63. Calculate c(-8).
-7
Let m(a) = 15*a - 1. Give m(1).
14
Let u(m) = m**3 - m**2 + 2*m + 4. What is u(-3)?
-38
Let d(o) = -12*o - 23. Calculate d(-8).
73
Let y(a) = 2*a - 5. Calculate y(-4).
-13
Let j(c) = -17*c - 16. Determine j(-8).
120
Let j(m) = 7*m**2 + 10*m + 18. Give j(-3).
51
Let c(f) = -f**2 + 2*f + 22. Give c(6).
-2
Let b(u) = 26*u + 457. What is b(-17)?
15
Let w(t) = -2*t**2 - 2*t - 4. What is w(-2)?
-8
Let b(c) = -c - 10. Calculate b(-9).
-1
Let r(w) = -w**3 + 9*w**2 + 11*w + 1. Give r(10).
11
Let h(m) = -m**3 + 15*m**2 + 251*m - 19. What is h(25)?
6
Let r(m) = -m**3 + 9*m**2 - 12*m + 13. What is r(7)?
27
Let d(w) = -w**3 + w**2 + w - 1. Give d(2).
-3
Let s(b) = b**2 + 